2*b + 183. Give u(-10).
203
Let b(l) = 17*l**2 + 1359*l - 3. Determine b(-80).
77
Let n(c) = 245*c - 2886. Calculate n(12).
54
Let v(b) = -43*b + 2039. Calculate v(46).
61
Let b(m) = 2*m**3 - 9*m**2 - 62*m + 141. Determine b(2).
-3
Let f(j) = 13297*j + 106378. Give f(-8).
2
Let d(a) = a**2 + 49*a - 384. Calculate d(7).
8
Let i(c) = -2*c**2 + 60*c + 711. Calculate i(39).
9
Let a(n) = n**3 + 6*n**2 + 16*n + 11. Determine a(-6).
-85
Let k(s) = -85*s - 839. Give k(-7).
-244
Let m(z) = -z**3 - 171*z**2 + 2199*z + 516. Determine m(-183).
-33
Let w(o) = o**2 + 73*o + 737. Determine w(-12).
5
Let r(n) = -21*n**2 + 2825*n - 1476. What is r(134)?
-2
Let b(i) = i**3 + 24*i**2 + 23*i - 25. What is b(-22)?
437
Let k(c) = 521*c - 3631. What is k(7)?
16
Let a(k) = -3*k**2 - 2*k + 101. Determine a(6).
-19
Let b(l) = -239*l - 2623. Give b(-11).
6
Let f(o) = 17*o - 131. Give f(9).
22
Let t(f) = 2011*f - 4014. Give t(2).
8
Let d(q) = -193*q + 30302. What is d(157)?
1
Let v(l) = 7742*l + 46439. Give v(-6).
-13
Let g(n) = 9*n - 46. Determine g(-8).
-118
Let t(y) = 6*y - 49. Determine t(6).
-13
Let v(u) = -u**3 + 15*u**2 - 56*u + 3. Give v(7).
3
Let g(u) = u**2 + 114*u + 2893. What is g(-76)?
5
Let f(h) = h**2 - 69*h + 267. Give f(65).
7
Let f(b) = -5*b - 96. Determine f(-19).
-1
Let t(j) = 39*j**2 + 40*j - 75. Determine t(2).
161
Let u(z) = 9*z**2 + 408*z + 425. Determine u(-44).
-103
Let z(u) = u**3 + 40*u**2 - 142*u - 561. Calculate z(-43).
-2
Let c(g) = g**3 - 26*g**2 - 12*g + 106. Determine c(6).
-686
Let a(f) = -3*f**2 + 69*f - 580. What is a(14)?
-202
Let j(w) = -149*w + 2408. Calculate j(16).
24
Let s(k) = k**2 + 11*k - 68. Calculate s(-15).
-8
Let q(l) = -79*l - 143. Calculate q(-4).
173
Let k(w) = -17*w - 1452. Calculate k(-81).
-75
Let p(n) = n**3 + 9*n**2 - 59*n + 57. Determine p(4).
29
Let t(k) = -1056*k + 42245. Calculate t(40).
5
Let f(j) = 3*j**3 + 47*j**2 - 11*j + 241. What is f(-16)?
161
Let l(i) = i**3 + 9*i**2 - 68*i + 14. Give l(-14).
-14
Let x(y) = 1629*y + 11405. What is x(-7)?
2
Let k(l) = 1534*l - 58301. Calculate k(38).
-9
Let f(w) = w**2 - 36*w + 311. Give f(12).
23
Let i(y) = -y**3 - 61*y**2 - 122*y - 212. Give i(-59).
24
Let r(l) = 180*l - 4304. Determine r(24).
16
Let a(l) = -l**2 - 358*l + 728. Determine a(2).
8
Let l(m) = 3*m**2 + 81*m - 173. What is l(-29)?
1
Let w(o) = o**3 + 18*o**2 + 70*o - 55. What is w(-11)?
22
Let y(u) = 5325*u + 15970. What is y(-3)?
-5
Let b(j) = 5*j**3 - 16*j**2 - 4*j + 18. What is b(3)?
-3
Let q(i) = i**2 + 56*i + 220. What is q(-4)?
12
Let n(v) = 43*v + 3. Determine n(10).
433
Let c(u) = u - 62. Calculate c(-4).
-66
Let t(z) = -666*z - 31311. Give t(-47).
-9
Let n(s) = -2*s**2 + 597*s + 2417. Calculate n(-4).
-3
Let q(u) = 25*u**3 + 7*u**2 - 11*u - 3. What is q(3)?
702
Let r(a) = -a**3 + 19*a**2 - 47*a - 32. What is r(16)?
-16
Let i(p) = p**3 + 18*p**2 - 119*p - 28. Determine i(-23).
64
Let u(o) = -o**3 + 6*o**2 - 20. Determine u(3).
7
Let y(a) = 5*a**3 - 93*a**2 - 146*a + 25. Give y(20).
-95
Let w(s) = 310*s + 3448. Determine w(-11).
38
Let w(x) = 52*x + 198. What is w(-3)?
42
Let w(z) = -2*z**2 + 56*z + 550. What is w(36)?
-26
Let v(b) = 23*b - 379. Calculate v(17).
12
Let s(d) = -d**3 - 14*d**2 + 32*d - 66. Give s(-16).
-66
Let t(f) = 803*f + 10450. Determine t(-13).
11
Let a(d) = -d**3 - 252*d**2 - 2425*d - 1214. Calculate a(-242).
-4
Let z(d) = d**3 + 5*d**2 - 244*d - 1957. Calculate z(-11).
1
Let i(c) = -972*c - 3852. Give i(-4).
36
Let w(t) = 2*t**3 - 361*t**2 - 923*t + 1462. What is w(183)?
-2
Let q(g) = 2*g**3 - 16*g**2 - 6*g - 6. What is q(-2)?
-74
Let a(f) = 2*f**3 - 13*f**2 - 39*f - 57. Calculate a(9).
-3
Let x(w) = -296*w + 2655. What is x(9)?
-9
Let p(n) = -n**3 + 27*n**2 - 6*n + 157. Calculate p(27).
-5
Let r(c) = c**3 + 31*c**2 - 32. Determine r(-31).
-32
Let b(z) = -13*z**3 - 3*z**2 + 3. Give b(-1).
13
Let c(q) = -2076*q + 134939. Calculate c(65).
-1
Let s(f) = -2*f - 76. What is s(-26)?
-24
Let r(o) = -179*o - 3754. What is r(-22)?
184
Let w(i) = -i**3 + 3*i**2 + 53*i + 7. What is w(0)?
7
Let n(i) = i**2 + 93*i - 828. What is n(9)?
90
Let q(y) = 2*y + 4. Determine q(6).
16
Let d(p) = -291*p + 35497. What is d(122)?
-5
Let r(m) = 511*m - 66917. What is r(131)?
24
Let v(w) = 32*w - 309. Calculate v(14).
139
Let y(x) = -x**3 + 10*x**2 - 35*x - 28. Give y(6).
-94
Let w(h) = h**3 - 15*h**2 + 181*h - 2354. Determine w(14).
-16
Let c(g) = 43*g + 319. Give c(-9).
-68
Let x(t) = t**3 - 8*t**2 - 245*t + 517. Calculate x(2).
3
Let c(s) = 60*s - 419. Calculate c(7).
1
Let l(y) = 5*y**3 + 7*y**2 + 32*y + 26. Give l(-1).
-4
Let w(o) = -252*o - 40. What is w(-1)?
212
Let z(q) = q**2 + 36*q + 215. Calculate z(-26).
-45
Let a(s) = 4*s**3 + 56*s**2 - 127*s + 20. Give a(-16).
4
Let f(j) = 6*j**3 + 114*j**2 + 58*j + 1121. Determine f(-19).
19
Let i(b) = -b**2 + 14*b + 46. Calculate i(0).
46
Let i(t) = -12*t - 165. What is i(-16)?
27
Let f(q) = 3*q**3 - 5*q**2 + 4*q - 3. Calculate f(5).
267
Let t(a) = 11*a**2 - 30*a - 179. Calculate t(6).
37
Let o(c) = -3*c**2 + 26*c + 22. Calculate o(9).
13
Let a(t) = -432*t + 759. What is a(2)?
-105
Let j(w) = w**3 + 23*w**2 + 42*w - 367. Give j(-20).
-7
Let f(q) = -7*q - 223. Give f(0).
-223
Let d(w) = -284*w - 7954. Give d(-28).
-2
Let h(k) = 16*k**2 - 6*k - 65. Determine h(-5).
365
Let p(q) = 42*q + 195. What is p(-7)?
-99
Let j(r) = -r**3 - 158*r**2 - 106*r - 16679. Give j(-158).
69
Let d(j) = -j**3 + 6*j**2 + 47*j - 272. Determine d(8).
-24
Let i(n) = n**2 + 72*n - 118. What is i(-74)?
30
Let p(s) = -s**3 + 5*s**2 - 282*s + 835. What is p(3)?
7
Let t(u) = u - 24. Give t(27).
3
Let t(a) = -244*a - 1708. Calculate t(-7).
0
Let v(y) = 15*y + 404. Determine v(-30).
-46
Let z(o) = 74*o**2 - 34*o + 36. Give z(1).
76
Let u(i) = i**3 - 158*i**2 - 318*i - 295. Determine u(160).
25
Let m(u) = -u**3 + 28*u**2 + 135*u + 846. Calculate m(33).
-144
Let o(g) = 7*g**2 - 25*g - 48. Give o(-2).
30
Let o(q) = -33*q - 360. Calculate o(-11).
3
Let l(u) = u**2 + 313*u + 1532. Determine l(-5).
-8
Let t(f) = -f**3 - 73*f**2 + 4*f + 288. What is t(-73)?
-4
Let n(k) = 2*k**3 + 34*k**2 + 91*k + 101. Calculate n(-14).
3
Let v(k) = -k**2 - 86*k - 1826. Give v(-40).
14
Let q(c) = -19*c + 31. Calculate q(1).
12
Let o(z) = -37*z**3 - 111*z**2 - z - 4. Determine o(-3).
-1
Let x(v) = -20*v**2 + 104*v - 16. What is x(5)?
4
Let n(g) = -g**3 + 5*g**2 + 35*g - 287. Give n(7).
-140
Let z(p) = 524*p - 34048. Determine z(65).
12
Let r(d) = -d**3 - 42*d**2 - 432*d - 34. Determine r(-20).
-194
Let n(d) = -5*d**3 - 42*d**2 + 16*d - 72. Determine n(-9).
27
Let w(s) = -2*s**2 + 63*s + 781. What is w(38)?
287
Let n(s) = -s**3 - 49*s**2 - 76*s - 1353. What is n(-48)?
-9
Let f(x) = -6*x**2 - x. What is f(-1)?
-5
Let n(s) = 3*s**2 + 29*s + 64. Determine n(-7).
8
Let z(o) = -o**3 - o**2 + 8*o + 26. Determine z(-4).
42
Let n(d) = d**3 - 12*d**2 + 25*d + 57. What is n(8)?
1
Let r(s) = 70*s**2 - 419*s + 16. What is r(6)?
22
Let l(q) = q**3 + 31*q**2 + 22*q + 41. Give l(-30).
281
Let z(a) = 4*a**2 + 40*a - 55. Determine z(1).
-11
Let h(f) = -2*f**3 + 160*f**2 + 15*f - 1218. Calculate h(80).
-18
Let r(j) = 2*j**2 - 358*j + 2748. What is r(171)?
12
Let p(d) = -106*d - 2590. Calculate p(-24).
-46
Let g(c) = c**3 - 35*c**2 - 568*c + 186. Calculate g(47).
-2
Let c(u) = 9*u**2 + 10*u - 21. Give c(-2).
-5
Let f(g) = 2*g**2 - 221*g - 1807. Determine f(119).
216
Let i(f) = -f**3 + 14*f**2 + 22*f + 41. Give i(15).
146
Let g(j) = j**3 - 5*j**2 - 95*j + 1. Calculate g(-10).
-549
Let s(p) = p**2 - 8*p + 78. Calculate s(-15).
423
Let g(d) = 136*d - 9991. Give g(73).
-63
Let y(v) = v**3 - 24*v**2 - 14*v + 237. Determine y(24).
-99
Let n(b) = 47*b - 28. Give n(3).
113
Let c(b) = 11*b**2 + 484*b + 467. Determine c(-43).
-6
Let q(w) = -430*w + 4727. Determine q(11).
-3
Let f(l) = 208*l - 1242. Give f(6).
6
Let n(g) = -268*g**2 - 1098*g - 114. Give n(-4).
-10
Let u(h) = -h**2 - 41*h + 14. Calculate u(-29).
362
Let y(q) = -q**2 - 16*q + 46. What is y(-18)?
10
Let n(w) = -21*w + 617. Determine n(29).
8
Let f(g) = 121*g - 2047. Determine f(17).
10
Let o(k) = -3*k**2 - 2192*k - 10954. Determine o(-5).
-69
Let m(o) = -3*o - 71. Calculate m(10).
-101
Let h(v) = v**3 - 9*v**2 + 8*v + 24. Give h(8).
24
Let a(r) = -22*r**2 - 287*r - 76. Give a(